{"id":73,"date":"2024-06-16T19:51:36","date_gmt":"2024-06-16T17:51:36","guid":{"rendered":"https:\/\/godot.luismaseda.com\/?page_id=73"},"modified":"2024-06-17T10:40:49","modified_gmt":"2024-06-17T08:40:49","slug":"curso-gratis-nuevo-para-la-creacion-de-un-videojuego-de-plataformas-en-2d-edprofe","status":"publish","type":"page","link":"https:\/\/godot.luismaseda.com\/?page_id=73","title":{"rendered":"Curso GRATIS (NUEVO) para la creaci\u00f3n de un VIDEOJUEGO de Plataformas en 2D (Edprofe)"},"content":{"rendered":"\n<p><\/p>\n\n\n\n<p>Relaci\u00f3n de v\u00eddeos de Youtube del tutorial de Godot para la creaci\u00f3n de un VIDEOJUEGO de plataformas en 2D por <a href=\"https:\/\/www.youtube.com\/@Edprofe\" data-type=\"link\" data-id=\"https:\/\/www.youtube.com\/@Edprofe\" target=\"_blank\" rel=\"noreferrer noopener\">Edprofe<\/a><\/p>\n\n\n\n<hr class=\"wp-block-separator has-alpha-channel-opacity\"\/>\n\n\n\n<ul class=\"wp-block-list\">\n<li><i class=\"fab fa-youtube\"><\/i> <a href=\"https:\/\/www.youtube.com\/watch?v=cAbpRI4EXj4&amp;list=PL9dgY_pqKvLr6FdlJW-uV_uMCjACYNUob&amp;index=1&amp;t=12s&amp;pp=iAQB\" data-type=\"link\" data-id=\"https:\/\/www.youtube.com\/watch?v=cAbpRI4EXj4&amp;list=PL9dgY_pqKvLr6FdlJW-uV_uMCjACYNUob&amp;index=1&amp;t=12s&amp;pp=iAQB\" target=\"_blank\" rel=\"noreferrer noopener\">V\u00eddeo 1<\/a> &#8211; Crea tu propio juego de plataformas 2D (TileSet, TileMap y Sprites) [24:23] | <i class=\"far fa-comment\"><\/i>\u00a0<\/li>\n\n\n\n<li><i class=\"fab fa-youtube\"><\/i> <a href=\"https:\/\/www.youtube.com\/watch?v=nUJCSt-yAf8&amp;list=PL9dgY_pqKvLr6FdlJW-uV_uMCjACYNUob&amp;index=2&amp;t=1586s&amp;pp=iAQB\" data-type=\"link\" data-id=\"https:\/\/www.youtube.com\/watch?v=nUJCSt-yAf8&amp;list=PL9dgY_pqKvLr6FdlJW-uV_uMCjACYNUob&amp;index=2&amp;t=1586s&amp;pp=iAQB\" target=\"_blank\" rel=\"noreferrer noopener\">V\u00eddeo 2<\/a> &#8211; Kinematic Body 2D (Godot Engine) [29:59] | <i class=\"far fa-comment\"><\/i>\u00a0<\/li>\n\n\n\n<li><i class=\"fab fa-youtube\"><\/i> <a href=\"https:\/\/www.youtube.com\/watch?v=jcEPD0CiwWc&amp;list=PL9dgY_pqKvLr6FdlJW-uV_uMCjACYNUob&amp;index=3&amp;t=48s&amp;pp=iAQB\" data-type=\"link\" data-id=\"https:\/\/www.youtube.com\/watch?v=jcEPD0CiwWc&amp;list=PL9dgY_pqKvLr6FdlJW-uV_uMCjACYNUob&amp;index=3&amp;t=48s&amp;pp=iAQB\" target=\"_blank\" rel=\"noreferrer noopener\">V\u00eddeo 3<\/a> &#8211; Plataformas m\u00f3viles y est\u00e1ticas en Godot Engine [33:00] | <i class=\"far fa-comment\"><\/i>\u00a0<\/li>\n\n\n\n<li><i class=\"fab fa-youtube\"><\/i> <a href=\"https:\/\/www.youtube.com\/watch?v=9hRT0W4bjB4&amp;list=PL9dgY_pqKvLr6FdlJW-uV_uMCjACYNUob&amp;index=4&amp;pp=iAQB\" data-type=\"link\" data-id=\"https:\/\/www.youtube.com\/watch?v=9hRT0W4bjB4&amp;list=PL9dgY_pqKvLr6FdlJW-uV_uMCjACYNUob&amp;index=4&amp;pp=iAQB\" target=\"_blank\" rel=\"noreferrer noopener\">V\u00eddeo 4<\/a> &#8211; Items Godot coleccionables [28:25] | <a href=\"https:\/\/godot.luismaseda.com\/?page_id=69\" data-type=\"link\" data-id=\"https:\/\/luismaseda.com\/godot56\/?page_id=63\"><i class=\"far fa-comment\"><\/i><\/a>\u00a0<\/li>\n\n\n\n<li><i class=\"fab fa-youtube\"><\/i> <a href=\"https:\/\/www.youtube.com\/watch?v=JikBRPK7p2k&amp;list=PL9dgY_pqKvLr6FdlJW-uV_uMCjACYNUob&amp;index=5&amp;t=2s&amp;pp=iAQB\" data-type=\"link\" data-id=\"https:\/\/www.youtube.com\/watch?v=JikBRPK7p2k&amp;list=PL9dgY_pqKvLr6FdlJW-uV_uMCjACYNUob&amp;index=5&amp;t=2s&amp;pp=iAQB\" target=\"_blank\" rel=\"noreferrer noopener\">V\u00eddeo 5<\/a> &#8211; C\u00f3mo hacer TRAMPAS en Godot [18:44] | <a href=\"https:\/\/godot.luismaseda.com\/?page_id=71\" data-type=\"link\" data-id=\"https:\/\/luismaseda.com\/godot56\/?page_id=65\"><i class=\"far fa-comment\"><\/i><\/a>\u00a0<\/li>\n<\/ul>\n\n\n\n<hr class=\"wp-block-separator has-alpha-channel-opacity\"\/>\n\n\n\n<div class=\"wp-block-buttons is-layout-flex wp-block-buttons-is-layout-flex\">\n<div class=\"wp-block-button\"><a class=\"wp-block-button__link wp-element-button\" href=\"https:\/\/godot.luismaseda.com\/?page_id=11\">Volver<\/a><\/div>\n<\/div>\n","protected":false},"excerpt":{"rendered":"<p>Relaci\u00f3n de v\u00eddeos de Youtube del tutorial de Godot para la creaci\u00f3n de un VIDEOJUEGO de plataformas en 2D por Edprofe<\/p>\n","protected":false},"author":1,"featured_media":0,"parent":0,"menu_order":0,"comment_status":"closed","ping_status":"closed","template":"","meta":{"footnotes":""},"class_list":["post-73","page","type-page","status-publish","hentry"],"_links":{"self":[{"href":"https:\/\/godot.luismaseda.com\/index.php?rest_route=\/wp\/v2\/pages\/73","targetHints":{"allow":["GET"]}}],"collection":[{"href":"https:\/\/godot.luismaseda.com\/index.php?rest_route=\/wp\/v2\/pages"}],"about":[{"href":"https:\/\/godot.luismaseda.com\/index.php?rest_route=\/wp\/v2\/types\/page"}],"author":[{"embeddable":true,"href":"https:\/\/godot.luismaseda.com\/index.php?rest_route=\/wp\/v2\/users\/1"}],"replies":[{"embeddable":true,"href":"https:\/\/godot.luismaseda.com\/index.php?rest_route=%2Fwp%2Fv2%2Fcomments&post=73"}],"version-history":[{"count":4,"href":"https:\/\/godot.luismaseda.com\/index.php?rest_route=\/wp\/v2\/pages\/73\/revisions"}],"predecessor-version":[{"id":111,"href":"https:\/\/godot.luismaseda.com\/index.php?rest_route=\/wp\/v2\/pages\/73\/revisions\/111"}],"wp:attachment":[{"href":"https:\/\/godot.luismaseda.com\/index.php?rest_route=%2Fwp%2Fv2%2Fmedia&parent=73"}],"curies":[{"name":"wp","href":"https:\/\/api.w.org\/{rel}","templated":true}]}}